{"id":941,"date":"2017-11-14T18:19:14","date_gmt":"2017-11-14T17:19:14","guid":{"rendered":"http:\/\/spirituellebegleitung.ch\/?page_id=941"},"modified":"2017-11-14T18:19:14","modified_gmt":"2017-11-14T17:19:14","slug":"preise","status":"publish","type":"page","link":"https:\/\/spirituellebegleitung.ch\/?page_id=941","title":{"rendered":"Preise"},"content":{"rendered":"<p><strong>Die Bezahlung erfolgt direkt nach der Behandlung in bar.<\/strong><\/p>\n<p><strong>K\u00f6rperarbeit<\/strong>, kosten CHF 110.- Fr pro Stunde.<br \/>\nEine Behandlung dauert je nach Art 30-60min. Es wird nach der gebrauchten Zeit abgerechnet.<br \/>\n<strong>Abos: <\/strong>10er\u00a0\u00a0500.- (statt 550.-) , 1000.- (statt 1100.-). <strong>Diese werden im Voraus bezahlt.<\/strong><\/p>\n<p><strong>Beratungen\/Coaching<\/strong> mit und ohne Hilfsmittel, kosten CHF 150.- Fr pro Stunde<strong><br \/>\n<\/strong><\/p>\n<p><strong>Skype\/Telefon-Gespr\u00e4ch <\/strong>kosten gleich viel wie Termine vor Ort, und dauern je nach Thema 30-60min.<br \/>\nDer Termin wird vereinbart und im Vorfeld bezahlt.<\/p>\n<p><strong>Mail-Anfragen <\/strong>sind bis 5min Schreibarbeit kostenlos.<br \/>\nF\u00fcr l\u00e4ngere Anfragen wie beispielsweise Legungen, Analysen usw, wird nach der ben\u00f6tigten Zeit abgerechnet.<\/p>\n<p><strong>Essenzen und Sprays<\/strong> werden separat verrechnet.<\/p>\n<p>Willst du den 1. Schritt auf einem anderen Weg gehen? Dann nimm das Telefon zur Hand und vereinbare einen Termin oder schreibe mir eine E-Mail.<br \/>\nRuf mich an: <strong>Tel. 071 925 34 84 oder 079 359 64 42<\/strong><br \/>\nSchreibe mir: <strong><a href=\"mailto:info@spirituellebegleitung.ch\">info@spirituellebegleitung.ch<\/a><\/strong><\/p>\n","protected":false},"excerpt":{"rendered":"<p>Die Bezahlung erfolgt direkt nach der Behandlung in bar. K\u00f6rperarbeit, kosten CHF 110.- Fr pro Stunde. Eine Behandlung dauert je nach Art 30-60min. Es wird nach der gebrauchten Zeit abgerechnet. Abos: 10er\u00a0\u00a0500.- (statt 550.-) , 1000.- (statt 1100.-). Diese werden im Voraus bezahlt. Beratungen\/Coaching mit und ohne Hilfsmittel, kosten CHF 150.- Fr pro Stunde Skype\/Telefon-Gespr\u00e4ch [&hellip;]<\/p>\n","protected":false},"author":2,"featured_media":0,"parent":0,"menu_order":0,"comment_status":"closed","ping_status":"closed","template":"","meta":{"footnotes":""},"class_list":["post-941","page","type-page","status-publish","hentry","clear"],"yoast_head":"<!-- This site is optimized with the Yoast SEO plugin v27.5 - https:\/\/yoast.com\/product\/yoast-seo-wordpress\/ -->\n<title>Preise - spirituellebegleitung.ch<\/title>\n<meta name=\"robots\" content=\"index, follow, max-snippet:-1, max-image-preview:large, max-video-preview:-1\" \/>\n<link rel=\"canonical\" href=\"https:\/\/spirituellebegleitung.ch\/?page_id=941\" \/>\n<meta property=\"og:locale\" content=\"de_DE\" \/>\n<meta property=\"og:type\" content=\"article\" \/>\n<meta property=\"og:title\" content=\"Preise - spirituellebegleitung.ch\" \/>\n<meta property=\"og:description\" content=\"Die Bezahlung erfolgt direkt nach der Behandlung in bar. K\u00f6rperarbeit, kosten CHF 110.- Fr pro Stunde. Eine Behandlung dauert je nach Art 30-60min. Es wird nach der gebrauchten Zeit abgerechnet. Abos: 10er\u00a0\u00a0500.- (statt 550.-) , 1000.- (statt 1100.-). Diese werden im Voraus bezahlt. Beratungen\/Coaching mit und ohne Hilfsmittel, kosten CHF 150.- Fr pro Stunde Skype\/Telefon-Gespr\u00e4ch [&hellip;]\" \/>\n<meta property=\"og:url\" content=\"https:\/\/spirituellebegleitung.ch\/?page_id=941\" \/>\n<meta property=\"og:site_name\" content=\"spirituellebegleitung.ch\" \/>\n<meta name=\"twitter:card\" content=\"summary_large_image\" \/>\n<meta name=\"twitter:label1\" content=\"Gesch\u00e4tzte Lesezeit\" \/>\n\t<meta name=\"twitter:data1\" content=\"1\u00a0Minute\" \/>\n<script type=\"application\/ld+json\" class=\"yoast-schema-graph\">{\"@context\":\"https:\\\/\\\/schema.org\",\"@graph\":[{\"@type\":\"WebPage\",\"@id\":\"https:\\\/\\\/spirituellebegleitung.ch\\\/?page_id=941\",\"url\":\"https:\\\/\\\/spirituellebegleitung.ch\\\/?page_id=941\",\"name\":\"Preise - spirituellebegleitung.ch\",\"isPartOf\":{\"@id\":\"https:\\\/\\\/spirituellebegleitung.ch\\\/#website\"},\"datePublished\":\"2017-11-14T17:19:14+00:00\",\"breadcrumb\":{\"@id\":\"https:\\\/\\\/spirituellebegleitung.ch\\\/?page_id=941#breadcrumb\"},\"inLanguage\":\"de\",\"potentialAction\":[{\"@type\":\"ReadAction\",\"target\":[\"https:\\\/\\\/spirituellebegleitung.ch\\\/?page_id=941\"]}]},{\"@type\":\"BreadcrumbList\",\"@id\":\"https:\\\/\\\/spirituellebegleitung.ch\\\/?page_id=941#breadcrumb\",\"itemListElement\":[{\"@type\":\"ListItem\",\"position\":1,\"name\":\"Startseite\",\"item\":\"https:\\\/\\\/spirituellebegleitung.ch\\\/\"},{\"@type\":\"ListItem\",\"position\":2,\"name\":\"Preise\"}]},{\"@type\":\"WebSite\",\"@id\":\"https:\\\/\\\/spirituellebegleitung.ch\\\/#website\",\"url\":\"https:\\\/\\\/spirituellebegleitung.ch\\\/\",\"name\":\"spirituellebegleitung\",\"description\":\"\",\"publisher\":{\"@id\":\"https:\\\/\\\/spirituellebegleitung.ch\\\/#organization\"},\"potentialAction\":[{\"@type\":\"SearchAction\",\"target\":{\"@type\":\"EntryPoint\",\"urlTemplate\":\"https:\\\/\\\/spirituellebegleitung.ch\\\/?s={search_term_string}\"},\"query-input\":{\"@type\":\"PropertyValueSpecification\",\"valueRequired\":true,\"valueName\":\"search_term_string\"}}],\"inLanguage\":\"de\"},{\"@type\":\"Organization\",\"@id\":\"https:\\\/\\\/spirituellebegleitung.ch\\\/#organization\",\"name\":\"spirituellebegleitung\",\"url\":\"https:\\\/\\\/spirituellebegleitung.ch\\\/\",\"logo\":{\"@type\":\"ImageObject\",\"inLanguage\":\"de\",\"@id\":\"https:\\\/\\\/spirituellebegleitung.ch\\\/#\\\/schema\\\/logo\\\/image\\\/\",\"url\":\"https:\\\/\\\/spirituellebegleitung.ch\\\/wp-content\\\/uploads\\\/2025\\\/06\\\/Logo-SpB_Transp1-300x300-1.png\",\"contentUrl\":\"https:\\\/\\\/spirituellebegleitung.ch\\\/wp-content\\\/uploads\\\/2025\\\/06\\\/Logo-SpB_Transp1-300x300-1.png\",\"width\":300,\"height\":300,\"caption\":\"spirituellebegleitung\"},\"image\":{\"@id\":\"https:\\\/\\\/spirituellebegleitung.ch\\\/#\\\/schema\\\/logo\\\/image\\\/\"}}]}<\/script>\n<!-- \/ Yoast SEO plugin. -->","yoast_head_json":{"title":"Preise - spirituellebegleitung.ch","robots":{"index":"index","follow":"follow","max-snippet":"max-snippet:-1","max-image-preview":"max-image-preview:large","max-video-preview":"max-video-preview:-1"},"canonical":"https:\/\/spirituellebegleitung.ch\/?page_id=941","og_locale":"de_DE","og_type":"article","og_title":"Preise - spirituellebegleitung.ch","og_description":"Die Bezahlung erfolgt direkt nach der Behandlung in bar. K\u00f6rperarbeit, kosten CHF 110.- Fr pro Stunde. Eine Behandlung dauert je nach Art 30-60min. Es wird nach der gebrauchten Zeit abgerechnet. Abos: 10er\u00a0\u00a0500.- (statt 550.-) , 1000.- (statt 1100.-). Diese werden im Voraus bezahlt. Beratungen\/Coaching mit und ohne Hilfsmittel, kosten CHF 150.- Fr pro Stunde Skype\/Telefon-Gespr\u00e4ch [&hellip;]","og_url":"https:\/\/spirituellebegleitung.ch\/?page_id=941","og_site_name":"spirituellebegleitung.ch","twitter_card":"summary_large_image","twitter_misc":{"Gesch\u00e4tzte Lesezeit":"1\u00a0Minute"},"schema":{"@context":"https:\/\/schema.org","@graph":[{"@type":"WebPage","@id":"https:\/\/spirituellebegleitung.ch\/?page_id=941","url":"https:\/\/spirituellebegleitung.ch\/?page_id=941","name":"Preise - spirituellebegleitung.ch","isPartOf":{"@id":"https:\/\/spirituellebegleitung.ch\/#website"},"datePublished":"2017-11-14T17:19:14+00:00","breadcrumb":{"@id":"https:\/\/spirituellebegleitung.ch\/?page_id=941#breadcrumb"},"inLanguage":"de","potentialAction":[{"@type":"ReadAction","target":["https:\/\/spirituellebegleitung.ch\/?page_id=941"]}]},{"@type":"BreadcrumbList","@id":"https:\/\/spirituellebegleitung.ch\/?page_id=941#breadcrumb","itemListElement":[{"@type":"ListItem","position":1,"name":"Startseite","item":"https:\/\/spirituellebegleitung.ch\/"},{"@type":"ListItem","position":2,"name":"Preise"}]},{"@type":"WebSite","@id":"https:\/\/spirituellebegleitung.ch\/#website","url":"https:\/\/spirituellebegleitung.ch\/","name":"spirituellebegleitung","description":"","publisher":{"@id":"https:\/\/spirituellebegleitung.ch\/#organization"},"potentialAction":[{"@type":"SearchAction","target":{"@type":"EntryPoint","urlTemplate":"https:\/\/spirituellebegleitung.ch\/?s={search_term_string}"},"query-input":{"@type":"PropertyValueSpecification","valueRequired":true,"valueName":"search_term_string"}}],"inLanguage":"de"},{"@type":"Organization","@id":"https:\/\/spirituellebegleitung.ch\/#organization","name":"spirituellebegleitung","url":"https:\/\/spirituellebegleitung.ch\/","logo":{"@type":"ImageObject","inLanguage":"de","@id":"https:\/\/spirituellebegleitung.ch\/#\/schema\/logo\/image\/","url":"https:\/\/spirituellebegleitung.ch\/wp-content\/uploads\/2025\/06\/Logo-SpB_Transp1-300x300-1.png","contentUrl":"https:\/\/spirituellebegleitung.ch\/wp-content\/uploads\/2025\/06\/Logo-SpB_Transp1-300x300-1.png","width":300,"height":300,"caption":"spirituellebegleitung"},"image":{"@id":"https:\/\/spirituellebegleitung.ch\/#\/schema\/logo\/image\/"}}]}},"_links":{"self":[{"href":"https:\/\/spirituellebegleitung.ch\/index.php?rest_route=\/wp\/v2\/pages\/941","targetHints":{"allow":["GET"]}}],"collection":[{"href":"https:\/\/spirituellebegleitung.ch\/index.php?rest_route=\/wp\/v2\/pages"}],"about":[{"href":"https:\/\/spirituellebegleitung.ch\/index.php?rest_route=\/wp\/v2\/types\/page"}],"author":[{"embeddable":true,"href":"https:\/\/spirituellebegleitung.ch\/index.php?rest_route=\/wp\/v2\/users\/2"}],"replies":[{"embeddable":true,"href":"https:\/\/spirituellebegleitung.ch\/index.php?rest_route=%2Fwp%2Fv2%2Fcomments&post=941"}],"version-history":[{"count":0,"href":"https:\/\/spirituellebegleitung.ch\/index.php?rest_route=\/wp\/v2\/pages\/941\/revisions"}],"wp:attachment":[{"href":"https:\/\/spirituellebegleitung.ch\/index.php?rest_route=%2Fwp%2Fv2%2Fmedia&parent=941"}],"curies":[{"name":"wp","href":"https:\/\/api.w.org\/{rel}","templated":true}]}}