{"id":777,"date":"2017-08-01T13:50:51","date_gmt":"2017-08-01T11:50:51","guid":{"rendered":"http:\/\/spirituellebegleitung.ch\/?page_id=38"},"modified":"2017-08-01T13:50:51","modified_gmt":"2017-08-01T11:50:51","slug":"koerpertherapie-2","status":"publish","type":"page","link":"https:\/\/spirituellebegleitung.ch\/?page_id=777","title":{"rendered":"K\u00f6rpertherapie"},"content":{"rendered":"<p>Wenn es n\u00f6tig ist f\u00fcr die Unterst\u00fctzung deiner Gesundheit und deinem Wohlbefinden, kann ich dir folgende K\u00f6rpertherapien anbieten.<br \/>\nMassagen mache ich auf Wunsch mit dem f\u00fcr dich ausgetesteten <strong>Engel\u00f6l<\/strong>.<\/p>\n<p><strong>Dorntherapie<\/strong><br \/>\nGleichlange Beine und eine Waagrechtes Becken sind n\u00f6tig f\u00fcr eine aufrechte K\u00f6rperhaltung.<br \/>\nAnsonsten kann es zu Wirbelverschiebungen und schmerzen in den Gelenken kommen.<br \/>\nDie Dorntherapie ist eine sanfte Methode, um verschobene Wirbel oder Gelenke wieder in die richtige Position zu r\u00fccken.<br \/>\nDa der Patient w\u00e4hrend der Therapie, durch Bewegung, mitarbeitet sind die Korrekturen sanft und nicht abrupt.<br \/>\nAm Schluss werden dem Patienten noch \u00dcbungen f\u00fcr zu Hause mitgegeben, damit er auch selber etwas f\u00fcr sein Wohlbefinden tun kann.<\/p>\n<p><strong>Energetische Massage am Fuss<\/strong><br \/>\nDie energetische Massage am Fuss ist eine Weiterentwicklung der Fussreflexzonenmassage wirkt auf K\u00f6rper, Seele und Geist<\/p>\n<p><strong>Wirkung einer Behandlung<\/strong><\/p>\n<ul>\n<li>Harmonisierend, Vitalisierend<\/li>\n<li>Erdet, gibt Stabilit\u00e4t und Standhaftigkeit<\/li>\n<li>Aktivierend, Entspannend, Regenerierend<\/li>\n<li>Es k\u00f6nnen k\u00f6rperliche und seelische Verspannungen gel\u00f6st werden<\/li>\n<li>Die Selbstheilungs- und Abwehrkr\u00e4fte werden aktiviert und unterst\u00fctzt<\/li>\n<li>Bringt die urspr\u00fcngliche Information an die Organe zur\u00fcck<\/li>\n<li>Positive Lebensenergie<\/li>\n<li>Herz \/ Kreislaufsystem, Nervensystem, Lymphsystem, Immunsystem<\/li>\n<li>Hormonsystem werden aktiviert und harmonisiert<\/li>\n<li>Gifte und Schlackenstoffe werden abtransportiert und ausgeschieden<\/li>\n<li>Alte Muster, Blockaden, Schmerzen, Verspannungen, k\u00f6nnen gel\u00f6st werden<\/li>\n<li>Gleicht aus wo ein zu viel oder ein zu wenig ist, heilt von innen nach aussen<\/li>\n<\/ul>\n<p><strong>Einsatzm\u00f6glichkeiten<\/strong><\/p>\n<ul>\n<li>F\u00fcr Menschen die viele Inspirationen haben, ihre Ideen aber nicht umsetzen k\u00f6nnen<\/li>\n<li>F\u00fcr Menschen denen Stabilit\u00e4t fehlt, die z.B. keinen eigenen Standpunkt vertreten k\u00f6nnen oder sich schnell beeinflussen lassen<\/li>\n<li>Psychosomatische Beschwerden, Stress<\/li>\n<li>K\u00f6rperliche Beschwerden, mit allen Organen &#8211; weil die Selbstheilungskr\u00e4fte angeregt werden und somit unsere Regeneration<\/li>\n<\/ul>\n<p><strong>Emozon<\/strong><br \/>\nEmo = Emotion, zon = Zonen<\/p>\n<ul>\n<li>Behandlung unserer Gef\u00fchle<\/li>\n<li>Ganzheitsbehandlung: K\u00f6rper, Geist und Seele<\/li>\n<\/ul>\n<p>Wirkung der Emozon Behandlung<\/p>\n<ul>\n<li>L\u00f6sen, Reinigen und Ausscheiden von k\u00f6rperlichen und geistigen Schlacken<\/li>\n<li>St\u00e4rkt unseren Willen um sich f\u00fcr uns einzusetzen, sich durchsetzen<\/li>\n<li>Hilft unser Potenzial zu erkennen, zu f\u00f6rdern<\/li>\n<li>Anregung zu einem Aufarbeitungsprozess (Suchtverhalten, Biographie usw.)<\/li>\n<\/ul>\n<p>Geeignet, wenn man<\/p>\n<ul>\n<li>Gef\u00fchle nicht zulassen, zeigen kann<\/li>\n<li>Gef\u00fchle fehlen<\/li>\n<li>Schwierigkeiten mit den Gef\u00fchlen hat<\/li>\n<li>Gef\u00fchle extrem auslebt oder extreme Gef\u00fchle hat<\/li>\n<li>Unsicher ist, in der Gef\u00fchlswelt<\/li>\n<\/ul>\n<p><strong>Energetische R\u00fcckenarbeit<\/strong><\/p>\n<p><strong>Was ist Energiearbeit<\/strong><br \/>\nEnergie = wirkende Kraft (griechisch)<br \/>\nTherapeut = Begleiter, Diener, Helfer<br \/>\nEnergietherapie = die wirkende Kraft im Menschen, wieder zum fliessen bringen<\/p>\n<ul>\n<li>Wahrnehmung<\/li>\n<li>Etwas ins fliessen bringen<\/li>\n<li>In Harmonie bringen<\/li>\n<li>Stabilisieren<\/li>\n<li>Blockaden aufl\u00f6sen<\/li>\n<\/ul>\n<p><strong>Tibetische Behandlung<\/strong><\/p>\n<ul>\n<li>Ber\u00fchrung mit unseren H\u00e4nden<\/li>\n<li>Es werden alle Energiebahnen ber\u00fchrt<\/li>\n<li>Es gibt keine B\u00fccher dazu<\/li>\n<li>Beim lernen, geistige R\u00fcckbindung an das Land und Lehrer<\/li>\n<li>Es wird auf allen Ebenen, K\u00f6rper, Geist und Seele, gearbeitet<\/li>\n<\/ul>\n<p><strong>Wie wird eine energetische R\u00fcckenbehandlungen gemacht<\/strong><br \/>\n\u00dcber die Haut werden Nervenpunkte ber\u00fchrt, die ihre Impulse ans Hirn weiter geben. Die Ber\u00fchrungen sind sehr sanft, es wird langsam gearbeitet.<br \/>\nDer Mensch f\u00fchlt sich geborgen und angenommen (Bei einer normalen Massage wird \u00fcber den Muskel gearbeitet)<\/p>\n<p><span class=\"fett\"><strong><span class=\"tema\"><br \/>\nGanzk\u00f6rpermassage<\/span><\/strong><br \/>\n<span class=\"fettmittel\">Die menschliche Ber\u00fchrung<\/span><br \/>\nMassage ist die einfachste Methode, um wieder ins Gleichgewicht zu kommen.<br \/>\nSie ist eine ganzheitliche Heilmethode, da sowohl unser K\u00f6rper<br \/>\nals auch unsere Seele von der Ber\u00fchrung angeregt oder entspannt werden k\u00f6nnen.<br \/>\nMassage passt zu jedem Lebensstil und zu jedem Alter. Wer sie einmal entdeckt hat,<br \/>\nwird auf die angenehme Wirkung nicht mehr verzichten wollen.<\/span><\/p>\n<p><span class=\"fettmittel\">Die heilsame Wirkung der Massage<\/span><\/p>\n<ul>\n<li><span class=\"fett\">Anregung der Blutzirkulation, des Lymphsystems, des Kreislaufs.<\/span><\/li>\n<li><span class=\"fett\">K\u00f6rperentgiftung.<\/span><\/li>\n<li><span class=\"fett\">L\u00f6st Verh\u00e4rtungen, Verspannungen und Blockaden.<\/span><\/li>\n<li><span class=\"fett\">Anregung der Verdauung.<\/span><\/li>\n<li><span class=\"fett\">F\u00f6rdert die Regeneration des K\u00f6rpers und unterst\u00fctzt die Selbstheilungskr\u00e4fte.<\/span><\/li>\n<li><span class=\"fett\">Stressabbau, Angstabbau. <\/span><\/li>\n<li><span class=\"fett\">Schmerzlinderung. <\/span><\/li>\n<li><span class=\"fett\">Muskellockerung. <\/span><\/li>\n<li><span class=\"fett\">Beruhigung oder Belebung.<\/span><\/li>\n<li><span class=\"fett\">Energie- Freisetzung.<\/span><\/li>\n<li><span class=\"fett\">Wohlbefinden<\/span><\/li>\n<li><span class=\"fett\">Beweglichkeit erhalten.<\/span>Dauer:<br \/>\nTeilmassage: 30 Minuten<br \/>\nGanzk\u00f6rpermassage: ca. 1 Stunde<\/li>\n<\/ul>\n<p><span class=\"fett\"><strong><span class=\"tema\"><br \/>\nQuantum Regenesis<\/span><\/strong><br \/>\n<span class=\"fettmittel\">Quantum Regenesis Arbeit auf der Zellebene.<\/span><br \/>\nKann die Zelle in ihren Ursprung(Urzustand) zur\u00fcck(f\u00fchren)bringen.<\/span><\/p>\n<ul>\n<li><span class=\"fett\">Becken, Atlas (Axis, H\u00fcften usw.) richten, Schulterplatten l\u00f6sen.<\/span><\/li>\n<li><span class=\"fett\">Muskul\u00e4re Schmerzen lindern.<\/span><\/li>\n<li><span class=\"fett\">Organe st\u00e4rken<\/span><\/li>\n<li><span class=\"fett\">Chakren ausgleichen usw.<\/span>anwendbar bei:<\/li>\n<li><span class=\"fett\">Schmerzen aller Art z.B. Kopfschmerzen, R\u00fcckenschmerzen.<\/span><\/li>\n<li><span class=\"fett\">K\u00f6rperliche Symptome z.B. Verdauungsprobleme usw.<br \/>\n<\/span><\/li>\n<\/ul>\n","protected":false},"excerpt":{"rendered":"<p>Wenn es n\u00f6tig ist f\u00fcr die Unterst\u00fctzung deiner Gesundheit und deinem Wohlbefinden, kann ich dir folgende K\u00f6rpertherapien anbieten. Massagen mache ich auf Wunsch mit dem f\u00fcr dich ausgetesteten Engel\u00f6l. Dorntherapie Gleichlange Beine und eine Waagrechtes Becken sind n\u00f6tig f\u00fcr eine aufrechte K\u00f6rperhaltung. Ansonsten kann es zu Wirbelverschiebungen und schmerzen in den Gelenken kommen. Die Dorntherapie [&hellip;]<\/p>\n","protected":false},"author":2,"featured_media":0,"parent":0,"menu_order":0,"comment_status":"closed","ping_status":"closed","template":"","meta":{"footnotes":""},"class_list":["post-777","page","type-page","status-publish","hentry","clear"],"yoast_head":"<!-- This site is optimized with the Yoast SEO plugin v27.5 - https:\/\/yoast.com\/product\/yoast-seo-wordpress\/ -->\n<title>K\u00f6rpertherapie - spirituellebegleitung.ch<\/title>\n<meta name=\"robots\" content=\"index, follow, max-snippet:-1, max-image-preview:large, max-video-preview:-1\" \/>\n<link rel=\"canonical\" href=\"https:\/\/spirituellebegleitung.ch\/?page_id=777\" \/>\n<meta property=\"og:locale\" content=\"de_DE\" \/>\n<meta property=\"og:type\" content=\"article\" \/>\n<meta property=\"og:title\" content=\"K\u00f6rpertherapie - spirituellebegleitung.ch\" \/>\n<meta property=\"og:description\" content=\"Wenn es n\u00f6tig ist f\u00fcr die Unterst\u00fctzung deiner Gesundheit und deinem Wohlbefinden, kann ich dir folgende K\u00f6rpertherapien anbieten. Massagen mache ich auf Wunsch mit dem f\u00fcr dich ausgetesteten Engel\u00f6l. Dorntherapie Gleichlange Beine und eine Waagrechtes Becken sind n\u00f6tig f\u00fcr eine aufrechte K\u00f6rperhaltung. Ansonsten kann es zu Wirbelverschiebungen und schmerzen in den Gelenken kommen. Die Dorntherapie [&hellip;]\" \/>\n<meta property=\"og:url\" content=\"https:\/\/spirituellebegleitung.ch\/?page_id=777\" \/>\n<meta property=\"og:site_name\" content=\"spirituellebegleitung.ch\" \/>\n<meta name=\"twitter:card\" content=\"summary_large_image\" \/>\n<meta name=\"twitter:label1\" content=\"Gesch\u00e4tzte Lesezeit\" \/>\n\t<meta name=\"twitter:data1\" content=\"3\u00a0Minuten\" \/>\n<script type=\"application\/ld+json\" class=\"yoast-schema-graph\">{\"@context\":\"https:\\\/\\\/schema.org\",\"@graph\":[{\"@type\":\"WebPage\",\"@id\":\"https:\\\/\\\/spirituellebegleitung.ch\\\/?page_id=777\",\"url\":\"https:\\\/\\\/spirituellebegleitung.ch\\\/?page_id=777\",\"name\":\"K\u00f6rpertherapie - spirituellebegleitung.ch\",\"isPartOf\":{\"@id\":\"https:\\\/\\\/spirituellebegleitung.ch\\\/#website\"},\"datePublished\":\"2017-08-01T11:50:51+00:00\",\"breadcrumb\":{\"@id\":\"https:\\\/\\\/spirituellebegleitung.ch\\\/?page_id=777#breadcrumb\"},\"inLanguage\":\"de\",\"potentialAction\":[{\"@type\":\"ReadAction\",\"target\":[\"https:\\\/\\\/spirituellebegleitung.ch\\\/?page_id=777\"]}]},{\"@type\":\"BreadcrumbList\",\"@id\":\"https:\\\/\\\/spirituellebegleitung.ch\\\/?page_id=777#breadcrumb\",\"itemListElement\":[{\"@type\":\"ListItem\",\"position\":1,\"name\":\"Startseite\",\"item\":\"https:\\\/\\\/spirituellebegleitung.ch\\\/\"},{\"@type\":\"ListItem\",\"position\":2,\"name\":\"K\u00f6rpertherapie\"}]},{\"@type\":\"WebSite\",\"@id\":\"https:\\\/\\\/spirituellebegleitung.ch\\\/#website\",\"url\":\"https:\\\/\\\/spirituellebegleitung.ch\\\/\",\"name\":\"spirituellebegleitung\",\"description\":\"\",\"publisher\":{\"@id\":\"https:\\\/\\\/spirituellebegleitung.ch\\\/#organization\"},\"potentialAction\":[{\"@type\":\"SearchAction\",\"target\":{\"@type\":\"EntryPoint\",\"urlTemplate\":\"https:\\\/\\\/spirituellebegleitung.ch\\\/?s={search_term_string}\"},\"query-input\":{\"@type\":\"PropertyValueSpecification\",\"valueRequired\":true,\"valueName\":\"search_term_string\"}}],\"inLanguage\":\"de\"},{\"@type\":\"Organization\",\"@id\":\"https:\\\/\\\/spirituellebegleitung.ch\\\/#organization\",\"name\":\"spirituellebegleitung\",\"url\":\"https:\\\/\\\/spirituellebegleitung.ch\\\/\",\"logo\":{\"@type\":\"ImageObject\",\"inLanguage\":\"de\",\"@id\":\"https:\\\/\\\/spirituellebegleitung.ch\\\/#\\\/schema\\\/logo\\\/image\\\/\",\"url\":\"https:\\\/\\\/spirituellebegleitung.ch\\\/wp-content\\\/uploads\\\/2025\\\/06\\\/Logo-SpB_Transp1-300x300-1.png\",\"contentUrl\":\"https:\\\/\\\/spirituellebegleitung.ch\\\/wp-content\\\/uploads\\\/2025\\\/06\\\/Logo-SpB_Transp1-300x300-1.png\",\"width\":300,\"height\":300,\"caption\":\"spirituellebegleitung\"},\"image\":{\"@id\":\"https:\\\/\\\/spirituellebegleitung.ch\\\/#\\\/schema\\\/logo\\\/image\\\/\"}}]}<\/script>\n<!-- \/ Yoast SEO plugin. -->","yoast_head_json":{"title":"K\u00f6rpertherapie - spirituellebegleitung.ch","robots":{"index":"index","follow":"follow","max-snippet":"max-snippet:-1","max-image-preview":"max-image-preview:large","max-video-preview":"max-video-preview:-1"},"canonical":"https:\/\/spirituellebegleitung.ch\/?page_id=777","og_locale":"de_DE","og_type":"article","og_title":"K\u00f6rpertherapie - spirituellebegleitung.ch","og_description":"Wenn es n\u00f6tig ist f\u00fcr die Unterst\u00fctzung deiner Gesundheit und deinem Wohlbefinden, kann ich dir folgende K\u00f6rpertherapien anbieten. Massagen mache ich auf Wunsch mit dem f\u00fcr dich ausgetesteten Engel\u00f6l. Dorntherapie Gleichlange Beine und eine Waagrechtes Becken sind n\u00f6tig f\u00fcr eine aufrechte K\u00f6rperhaltung. Ansonsten kann es zu Wirbelverschiebungen und schmerzen in den Gelenken kommen. Die Dorntherapie [&hellip;]","og_url":"https:\/\/spirituellebegleitung.ch\/?page_id=777","og_site_name":"spirituellebegleitung.ch","twitter_card":"summary_large_image","twitter_misc":{"Gesch\u00e4tzte Lesezeit":"3\u00a0Minuten"},"schema":{"@context":"https:\/\/schema.org","@graph":[{"@type":"WebPage","@id":"https:\/\/spirituellebegleitung.ch\/?page_id=777","url":"https:\/\/spirituellebegleitung.ch\/?page_id=777","name":"K\u00f6rpertherapie - spirituellebegleitung.ch","isPartOf":{"@id":"https:\/\/spirituellebegleitung.ch\/#website"},"datePublished":"2017-08-01T11:50:51+00:00","breadcrumb":{"@id":"https:\/\/spirituellebegleitung.ch\/?page_id=777#breadcrumb"},"inLanguage":"de","potentialAction":[{"@type":"ReadAction","target":["https:\/\/spirituellebegleitung.ch\/?page_id=777"]}]},{"@type":"BreadcrumbList","@id":"https:\/\/spirituellebegleitung.ch\/?page_id=777#breadcrumb","itemListElement":[{"@type":"ListItem","position":1,"name":"Startseite","item":"https:\/\/spirituellebegleitung.ch\/"},{"@type":"ListItem","position":2,"name":"K\u00f6rpertherapie"}]},{"@type":"WebSite","@id":"https:\/\/spirituellebegleitung.ch\/#website","url":"https:\/\/spirituellebegleitung.ch\/","name":"spirituellebegleitung","description":"","publisher":{"@id":"https:\/\/spirituellebegleitung.ch\/#organization"},"potentialAction":[{"@type":"SearchAction","target":{"@type":"EntryPoint","urlTemplate":"https:\/\/spirituellebegleitung.ch\/?s={search_term_string}"},"query-input":{"@type":"PropertyValueSpecification","valueRequired":true,"valueName":"search_term_string"}}],"inLanguage":"de"},{"@type":"Organization","@id":"https:\/\/spirituellebegleitung.ch\/#organization","name":"spirituellebegleitung","url":"https:\/\/spirituellebegleitung.ch\/","logo":{"@type":"ImageObject","inLanguage":"de","@id":"https:\/\/spirituellebegleitung.ch\/#\/schema\/logo\/image\/","url":"https:\/\/spirituellebegleitung.ch\/wp-content\/uploads\/2025\/06\/Logo-SpB_Transp1-300x300-1.png","contentUrl":"https:\/\/spirituellebegleitung.ch\/wp-content\/uploads\/2025\/06\/Logo-SpB_Transp1-300x300-1.png","width":300,"height":300,"caption":"spirituellebegleitung"},"image":{"@id":"https:\/\/spirituellebegleitung.ch\/#\/schema\/logo\/image\/"}}]}},"_links":{"self":[{"href":"https:\/\/spirituellebegleitung.ch\/index.php?rest_route=\/wp\/v2\/pages\/777","targetHints":{"allow":["GET"]}}],"collection":[{"href":"https:\/\/spirituellebegleitung.ch\/index.php?rest_route=\/wp\/v2\/pages"}],"about":[{"href":"https:\/\/spirituellebegleitung.ch\/index.php?rest_route=\/wp\/v2\/types\/page"}],"author":[{"embeddable":true,"href":"https:\/\/spirituellebegleitung.ch\/index.php?rest_route=\/wp\/v2\/users\/2"}],"replies":[{"embeddable":true,"href":"https:\/\/spirituellebegleitung.ch\/index.php?rest_route=%2Fwp%2Fv2%2Fcomments&post=777"}],"version-history":[{"count":0,"href":"https:\/\/spirituellebegleitung.ch\/index.php?rest_route=\/wp\/v2\/pages\/777\/revisions"}],"wp:attachment":[{"href":"https:\/\/spirituellebegleitung.ch\/index.php?rest_route=%2Fwp%2Fv2%2Fmedia&parent=777"}],"curies":[{"name":"wp","href":"https:\/\/api.w.org\/{rel}","templated":true}]}}