{"id":776,"date":"2017-08-01T13:44:36","date_gmt":"2017-08-01T11:44:36","guid":{"rendered":"http:\/\/spirituellebegleitung.ch\/?page_id=35"},"modified":"2017-08-01T13:44:36","modified_gmt":"2017-08-01T11:44:36","slug":"karten-tool-2","status":"publish","type":"page","link":"https:\/\/spirituellebegleitung.ch\/?page_id=776","title":{"rendered":"Karten Tool"},"content":{"rendered":"<p><span style=\"font-size: 16pt;\"><strong>Tarot<\/strong><\/span><\/p>\n<p>Als ich das erste Mal mit dem Crowley-Tarot in Ber\u00fchrung kam, war ich tief<br \/>\nber\u00fchrt \u2013 es war ein unglaubliches Gef\u00fchl. Ich f\u00fchlte, diese Karten geh\u00f6ren zu<br \/>\nmir. Meine innere Weisheit spricht mit mir durch die Karten.<br \/>\nIch wollte mehr erfahren, lernen. Deshalb entschied ich mich, die<br \/>\nTarotausbildung bei Gerd Bodhi Ziegler zu machen. Mit jedem Tag machte<br \/>\nich neue Erfahrungen und kam ich tiefer zu mir. F\u00fcr mich er\u00f6ffnete sich eine<br \/>\nwundervolle Welt.<\/p>\n<p><span style=\"font-size: 14pt;\"><strong>Was<\/strong><\/span><br \/>\nDas Tarot ist ein wunderbares Werkzeug, das dir mitteilt, was deine innere<br \/>\nWeisheit schon weiss. Die Karten sprechen sehr stark \u00fcber die Bildsymbolik. Es<br \/>\nhilft dir, dich selber besser kennen- und verstehenzulernen. Es bietet dir<br \/>\nL\u00f6sungen oder Entscheidungshilfen zu allen Lebensfragen.<\/p>\n<p><span style=\"font-size: 14pt;\"><strong>Wof\u00fcr<\/strong><\/span><br \/>\nIch w\u00fcrde dir gern helfen Antworten und Klarheit zu bekommen, L\u00f6sungen zu<br \/>\nfinden, Entscheidungen zu treffen. Dich zu deinem wahren SEIN zu entwickeln.<br \/>\nMan kann alle Situationen und Fragen anschauen, die dir wichtig sind.<br \/>\nDie richtigen Fragen zeigen oft schon den L\u00f6sungsansatz.<\/p>\n<p><span style=\"font-size: 14pt;\"><strong>F\u00fcr wen<\/strong><\/span><br \/>\nF\u00fcr jeden der Fragen hat, mehr wissen und weiterkommen will.<br \/>\nDu bist genau richtig, so wie du bist. Jeder Mensch hat ein Potenzial in sich,<br \/>\ndas gesehen werden will. Du darfst mit allen Fragen und Sorgen kommen. Mit<br \/>\nmeiner Offenheit, Klarheit und Pr\u00e4senz begleite ich dich gern dabei.<\/p>\n<p><span style=\"font-size: 16pt;\"><strong>SPASCH<\/strong><\/span><br \/>\nDie Spirituell-P\u00e4dagogische-Analyse-Scheibe unterst\u00fctzt dich<\/p>\n<ul>\n<li>Ursachen zu finden<\/li>\n<li>Konflikte zu l\u00f6sen<\/li>\n<li>Ressourcen zu analysieren<\/li>\n<li>Unterst\u00fctzung notwendig ist zu geben wo es n\u00f6tig ist<\/li>\n<li>schauen in welchem Bereich (K\u00f6rperlich, Mental, Emotional oder Spirituell) etwas im Ungleichgewicht ist und es auszugleichen<\/li>\n<\/ul>\n<p><span style=\"font-size: 14pt;\"><strong>Therapeutische Kartenarbeit<\/strong><\/span><br \/>\nIch arbeite hier mit verschiedenen Kartendecks, von Dooren Virtue, Ingrid Auer, Lenormand&#8230;<\/p>\n<ul>\n<li>Sie unterst\u00fctzen dich Blockaden zu l\u00f6sen, Cuttings (Abl\u00f6sungen) zu machen<\/li>\n<li>Sie helfen dir Antworten zu finden, wirken als Prozessbegleitung und Unterst\u00fctzung<\/li>\n<li>Sie k\u00f6nnen auch f\u00fcr Familienstellen genutzt werden<\/li>\n<li>Sie helfen dabei Konfliktanalysen, Transformationen zu machen und vieles mehr<\/li>\n<\/ul>\n<p>&nbsp;<\/p>\n<p>&nbsp;<\/p>\n<p>&nbsp;<\/p>\n<p><!--E--><\/p>\n","protected":false},"excerpt":{"rendered":"<p>Tarot Als ich das erste Mal mit dem Crowley-Tarot in Ber\u00fchrung kam, war ich tief ber\u00fchrt \u2013 es war ein unglaubliches Gef\u00fchl. Ich f\u00fchlte, diese Karten geh\u00f6ren zu mir. Meine innere Weisheit spricht mit mir durch die Karten. Ich wollte mehr erfahren, lernen. Deshalb entschied ich mich, die Tarotausbildung bei Gerd Bodhi Ziegler zu machen. [&hellip;]<\/p>\n","protected":false},"author":2,"featured_media":0,"parent":0,"menu_order":0,"comment_status":"closed","ping_status":"closed","template":"","meta":{"footnotes":""},"class_list":["post-776","page","type-page","status-publish","hentry","clear"],"yoast_head":"<!-- This site is optimized with the Yoast SEO plugin v27.5 - https:\/\/yoast.com\/product\/yoast-seo-wordpress\/ -->\n<title>Karten Tool - spirituellebegleitung.ch<\/title>\n<meta name=\"robots\" content=\"index, follow, max-snippet:-1, max-image-preview:large, max-video-preview:-1\" \/>\n<link rel=\"canonical\" href=\"https:\/\/spirituellebegleitung.ch\/?page_id=776\" \/>\n<meta property=\"og:locale\" content=\"de_DE\" \/>\n<meta property=\"og:type\" content=\"article\" \/>\n<meta property=\"og:title\" content=\"Karten Tool - spirituellebegleitung.ch\" \/>\n<meta property=\"og:description\" content=\"Tarot Als ich das erste Mal mit dem Crowley-Tarot in Ber\u00fchrung kam, war ich tief ber\u00fchrt \u2013 es war ein unglaubliches Gef\u00fchl. Ich f\u00fchlte, diese Karten geh\u00f6ren zu mir. Meine innere Weisheit spricht mit mir durch die Karten. Ich wollte mehr erfahren, lernen. Deshalb entschied ich mich, die Tarotausbildung bei Gerd Bodhi Ziegler zu machen. [&hellip;]\" \/>\n<meta property=\"og:url\" content=\"https:\/\/spirituellebegleitung.ch\/?page_id=776\" \/>\n<meta property=\"og:site_name\" content=\"spirituellebegleitung.ch\" \/>\n<meta name=\"twitter:card\" content=\"summary_large_image\" \/>\n<meta name=\"twitter:label1\" content=\"Gesch\u00e4tzte Lesezeit\" \/>\n\t<meta name=\"twitter:data1\" content=\"2\u00a0Minuten\" \/>\n<script type=\"application\/ld+json\" class=\"yoast-schema-graph\">{\"@context\":\"https:\\\/\\\/schema.org\",\"@graph\":[{\"@type\":\"WebPage\",\"@id\":\"https:\\\/\\\/spirituellebegleitung.ch\\\/?page_id=776\",\"url\":\"https:\\\/\\\/spirituellebegleitung.ch\\\/?page_id=776\",\"name\":\"Karten Tool - spirituellebegleitung.ch\",\"isPartOf\":{\"@id\":\"https:\\\/\\\/spirituellebegleitung.ch\\\/#website\"},\"datePublished\":\"2017-08-01T11:44:36+00:00\",\"breadcrumb\":{\"@id\":\"https:\\\/\\\/spirituellebegleitung.ch\\\/?page_id=776#breadcrumb\"},\"inLanguage\":\"de\",\"potentialAction\":[{\"@type\":\"ReadAction\",\"target\":[\"https:\\\/\\\/spirituellebegleitung.ch\\\/?page_id=776\"]}]},{\"@type\":\"BreadcrumbList\",\"@id\":\"https:\\\/\\\/spirituellebegleitung.ch\\\/?page_id=776#breadcrumb\",\"itemListElement\":[{\"@type\":\"ListItem\",\"position\":1,\"name\":\"Startseite\",\"item\":\"https:\\\/\\\/spirituellebegleitung.ch\\\/\"},{\"@type\":\"ListItem\",\"position\":2,\"name\":\"Karten Tool\"}]},{\"@type\":\"WebSite\",\"@id\":\"https:\\\/\\\/spirituellebegleitung.ch\\\/#website\",\"url\":\"https:\\\/\\\/spirituellebegleitung.ch\\\/\",\"name\":\"spirituellebegleitung\",\"description\":\"\",\"publisher\":{\"@id\":\"https:\\\/\\\/spirituellebegleitung.ch\\\/#organization\"},\"potentialAction\":[{\"@type\":\"SearchAction\",\"target\":{\"@type\":\"EntryPoint\",\"urlTemplate\":\"https:\\\/\\\/spirituellebegleitung.ch\\\/?s={search_term_string}\"},\"query-input\":{\"@type\":\"PropertyValueSpecification\",\"valueRequired\":true,\"valueName\":\"search_term_string\"}}],\"inLanguage\":\"de\"},{\"@type\":\"Organization\",\"@id\":\"https:\\\/\\\/spirituellebegleitung.ch\\\/#organization\",\"name\":\"spirituellebegleitung\",\"url\":\"https:\\\/\\\/spirituellebegleitung.ch\\\/\",\"logo\":{\"@type\":\"ImageObject\",\"inLanguage\":\"de\",\"@id\":\"https:\\\/\\\/spirituellebegleitung.ch\\\/#\\\/schema\\\/logo\\\/image\\\/\",\"url\":\"https:\\\/\\\/spirituellebegleitung.ch\\\/wp-content\\\/uploads\\\/2025\\\/06\\\/Logo-SpB_Transp1-300x300-1.png\",\"contentUrl\":\"https:\\\/\\\/spirituellebegleitung.ch\\\/wp-content\\\/uploads\\\/2025\\\/06\\\/Logo-SpB_Transp1-300x300-1.png\",\"width\":300,\"height\":300,\"caption\":\"spirituellebegleitung\"},\"image\":{\"@id\":\"https:\\\/\\\/spirituellebegleitung.ch\\\/#\\\/schema\\\/logo\\\/image\\\/\"}}]}<\/script>\n<!-- \/ Yoast SEO plugin. -->","yoast_head_json":{"title":"Karten Tool - spirituellebegleitung.ch","robots":{"index":"index","follow":"follow","max-snippet":"max-snippet:-1","max-image-preview":"max-image-preview:large","max-video-preview":"max-video-preview:-1"},"canonical":"https:\/\/spirituellebegleitung.ch\/?page_id=776","og_locale":"de_DE","og_type":"article","og_title":"Karten Tool - spirituellebegleitung.ch","og_description":"Tarot Als ich das erste Mal mit dem Crowley-Tarot in Ber\u00fchrung kam, war ich tief ber\u00fchrt \u2013 es war ein unglaubliches Gef\u00fchl. Ich f\u00fchlte, diese Karten geh\u00f6ren zu mir. Meine innere Weisheit spricht mit mir durch die Karten. Ich wollte mehr erfahren, lernen. Deshalb entschied ich mich, die Tarotausbildung bei Gerd Bodhi Ziegler zu machen. [&hellip;]","og_url":"https:\/\/spirituellebegleitung.ch\/?page_id=776","og_site_name":"spirituellebegleitung.ch","twitter_card":"summary_large_image","twitter_misc":{"Gesch\u00e4tzte Lesezeit":"2\u00a0Minuten"},"schema":{"@context":"https:\/\/schema.org","@graph":[{"@type":"WebPage","@id":"https:\/\/spirituellebegleitung.ch\/?page_id=776","url":"https:\/\/spirituellebegleitung.ch\/?page_id=776","name":"Karten Tool - spirituellebegleitung.ch","isPartOf":{"@id":"https:\/\/spirituellebegleitung.ch\/#website"},"datePublished":"2017-08-01T11:44:36+00:00","breadcrumb":{"@id":"https:\/\/spirituellebegleitung.ch\/?page_id=776#breadcrumb"},"inLanguage":"de","potentialAction":[{"@type":"ReadAction","target":["https:\/\/spirituellebegleitung.ch\/?page_id=776"]}]},{"@type":"BreadcrumbList","@id":"https:\/\/spirituellebegleitung.ch\/?page_id=776#breadcrumb","itemListElement":[{"@type":"ListItem","position":1,"name":"Startseite","item":"https:\/\/spirituellebegleitung.ch\/"},{"@type":"ListItem","position":2,"name":"Karten Tool"}]},{"@type":"WebSite","@id":"https:\/\/spirituellebegleitung.ch\/#website","url":"https:\/\/spirituellebegleitung.ch\/","name":"spirituellebegleitung","description":"","publisher":{"@id":"https:\/\/spirituellebegleitung.ch\/#organization"},"potentialAction":[{"@type":"SearchAction","target":{"@type":"EntryPoint","urlTemplate":"https:\/\/spirituellebegleitung.ch\/?s={search_term_string}"},"query-input":{"@type":"PropertyValueSpecification","valueRequired":true,"valueName":"search_term_string"}}],"inLanguage":"de"},{"@type":"Organization","@id":"https:\/\/spirituellebegleitung.ch\/#organization","name":"spirituellebegleitung","url":"https:\/\/spirituellebegleitung.ch\/","logo":{"@type":"ImageObject","inLanguage":"de","@id":"https:\/\/spirituellebegleitung.ch\/#\/schema\/logo\/image\/","url":"https:\/\/spirituellebegleitung.ch\/wp-content\/uploads\/2025\/06\/Logo-SpB_Transp1-300x300-1.png","contentUrl":"https:\/\/spirituellebegleitung.ch\/wp-content\/uploads\/2025\/06\/Logo-SpB_Transp1-300x300-1.png","width":300,"height":300,"caption":"spirituellebegleitung"},"image":{"@id":"https:\/\/spirituellebegleitung.ch\/#\/schema\/logo\/image\/"}}]}},"_links":{"self":[{"href":"https:\/\/spirituellebegleitung.ch\/index.php?rest_route=\/wp\/v2\/pages\/776","targetHints":{"allow":["GET"]}}],"collection":[{"href":"https:\/\/spirituellebegleitung.ch\/index.php?rest_route=\/wp\/v2\/pages"}],"about":[{"href":"https:\/\/spirituellebegleitung.ch\/index.php?rest_route=\/wp\/v2\/types\/page"}],"author":[{"embeddable":true,"href":"https:\/\/spirituellebegleitung.ch\/index.php?rest_route=\/wp\/v2\/users\/2"}],"replies":[{"embeddable":true,"href":"https:\/\/spirituellebegleitung.ch\/index.php?rest_route=%2Fwp%2Fv2%2Fcomments&post=776"}],"version-history":[{"count":0,"href":"https:\/\/spirituellebegleitung.ch\/index.php?rest_route=\/wp\/v2\/pages\/776\/revisions"}],"wp:attachment":[{"href":"https:\/\/spirituellebegleitung.ch\/index.php?rest_route=%2Fwp%2Fv2%2Fmedia&parent=776"}],"curies":[{"name":"wp","href":"https:\/\/api.w.org\/{rel}","templated":true}]}}