{"id":775,"date":"2017-08-01T13:44:23","date_gmt":"2017-08-01T11:44:23","guid":{"rendered":"http:\/\/spirituellebegleitung.ch\/?page_id=33"},"modified":"2017-08-01T13:44:23","modified_gmt":"2017-08-01T11:44:23","slug":"spirituelle-tools","status":"publish","type":"page","link":"https:\/\/spirituellebegleitung.ch\/?page_id=775","title":{"rendered":"Spirituelle Tools"},"content":{"rendered":"<p><span style=\"font-size: 18pt;\"><strong>Ein medialer und sensitiver Berater<\/strong><\/span><\/p>\n<ul>\n<li>Vermag, energetische Blockaden innerhalb einer Behandlung aufzudecken.<\/li>\n<li>Ist gleichzeitig ein Lebenscoach und in der Lage Techniken zu vermitteln, die innerhalb k\u00fcrzester Zeit das Leben jeden Menschen transformieren k\u00f6nnen.<\/li>\n<li>Kann anhand von Informationen aus der Aura entsprechende Empfehlungen angeben.<\/li>\n<li>Ist in der Lage, H\u00e4user, Wohnungen und andere R\u00e4umlichkeiten energetisch zu reinigen und zu scannen.<\/li>\n<li>Kann mit verstorbenen Menschen kommunizieren, wenn dies notwendig ist.<\/li>\n<li>Ist in der Lage, die Selbstheilungskr\u00e4fte zu aktivieren, bezogen auf k\u00f6rperliche oder seelische Themen.<\/li>\n<li>Kann direkte Botschaften aus der Geistigen Welt \u00fcbermitteln.<\/li>\n<li>Kann die gesamte Aura und das morphologische Feld analysieren und hierbei Blockaden aufdecken.<\/li>\n<li>Kann mentale Muster und karmische Zyklen durchbrechen.<\/li>\n<li>Kann die wahre Ursache hinter \u00c4ngsten und Depressionen aufdecken.<\/li>\n<li>Tritt in Kontakt mit Engeln, Geistf\u00fchrern und verstorbenen Menschen.<\/li>\n<li>Vermag, die Chakren zu analysieren, sie zu harmonisieren, und vieles vieles mehr\u2026.<\/li>\n<\/ul>\n<p>Und all dies komplett ohne irgendwelche Hilfsmittel<!--more--><\/p>\n<p><strong><span style=\"font-size: 14pt;\">New Spirit<\/span><br \/>\n<\/strong>Ich glaube es gibt nicht nur einen Weg um dir zu helfen. Es gibt so viele verschiedene M\u00f6glichkeiten zu helfen, wie die Menschen verschieden sind. New Spirit ist darauf ausgelegt, f\u00fcr jeden die passende Technik und Methode auszuw\u00e4hlen. New Spirit ist eine riesige Box gef\u00fchlt mit verschiedenen lese und Behandlungsmethoden. Sie enth\u00e4lt unter anderem:<\/p>\n<ul>\n<li><strong>Aura lesen<\/strong>, sehen, sp\u00fcren. Ausgleich von Aurafeldern, st\u00e4rken der Auraenergie.<\/li>\n<li><strong>Neutralisierung und Entfernung<\/strong> <strong>von Fremdenergien<\/strong> aus der Aura. Denn alles, was sich im Grobstofflichen an Problemen zeigt, hat seinen Grund in der Aura und den weiteren Energiefeldern um den Menschen herum.<\/li>\n<li>Im morphologischen Feld zu lesen und dadurch <strong>Themen aus fr\u00fcheren Inkarnationen aufdecken<\/strong> k\u00f6nnen.<\/li>\n<li><strong>Chakra <\/strong><strong>lesen<\/strong><\/li>\n<li>Einfache Form des<strong> Channeling <\/strong>und Kontakt mit der geistigen Welt, der Quelle, dem h\u00f6heren Selbst.<\/li>\n<li><strong>Jenseitskontakt<\/strong> zu verstorbenen Menschen und Geistigen Wesen<\/li>\n<li><strong>Remote Viewing<\/strong><\/li>\n<li><strong>Reisen durch Raum und Zeit<\/strong><\/li>\n<li><strong>DNA-Upgrade <\/strong>(eine Kurz-Form von Limitless)<\/li>\n<li><strong>Healing <\/strong>mit und durch die Aura oder dem h\u00f6heren Selbst<\/li>\n<\/ul>\n<p>und noch vieles mehr\u2026<\/p>\n<p>Als medialer und sensitiver Berater nach dem New-Spirit-Konzept bin ich in der Lage, Menschen auf energetischer Ebene zu helfen, egal ob es partnerschaftliche, berufliche oder gesundheitliche Probleme sind, mit denen du k\u00e4mpfst.<\/p>\n<p><strong><span style=\"font-size: 14pt;\">Limitless<\/span><br \/>\n<\/strong>Limitless bedeutet \u201eGrenzenlos. Wir alle bauen unsere ganz pers\u00f6nlichen Grenzen auf. Diese sind nicht immer schlecht, sondern sind auch zu unserem Schutz und Halt da. Aber es gibt auch Grenzen, die unsere pers\u00f6nliche Entwicklung blockieren. Eine solche Grenze kann sein, wenn wir unsere Selbstheilungskr\u00e4fte blockieren oder nicht vorw\u00e4rts kommen, feststecken. Das kann zu einem Suchtverhalten, falschem Essverhalten, \u00c4ngsten, Depressionen usw. f\u00fchren<br \/>\nIm Limitless-Training geht es darum, dass du deine Freiheit zur\u00fcckeroberst. Eine Grenze kann nicht durchbrochen werden, bevor du sie nicht voll und ganz als akzeptierst hast. Deine ganz pers\u00f6nliche Grenzenlosigkeit beginnt dort, wo du dir erlaubst, selbst erschaffene Grenzen zu hinterfragen, zu erforschen und zu verstehen und dann zu durchbrechen.<br \/>\nZiel ist, egal an welchem Punkt du in deinem Leben dich blockiert f\u00fchlst, diese Blockade = Grenze endg\u00fcltig und langfristig aufzul\u00f6sen. Dabei kann es um deine Gesundheit gehen oder deine finanzielle Situation. Limitless stellt eine Br\u00fccke zwischen Quantenphysik, Neurobiologie und Spiritualit\u00e4t. Genau das macht dieses Training so kraftvoll und effektiv!<\/p>\n<h5><span style=\"font-size: 14pt;\"><strong>F\u00fcr wen ist dieses Training gedacht?<\/strong><\/span><\/h5>\n<ul>\n<li>f\u00fcr alle, die sp\u00fcren, dass sie auf gewissen Ebenen \u201eblockiert\u201c sind und das endlich f\u00fcr sich selber aufl\u00f6sen wollen.<\/li>\n<li>f\u00fcr alle Menschen, die f\u00fchlen, dass sie noch nicht ihr grenzenloses Potential leben.<\/li>\n<li>f\u00fcr alle, die Selbstsabotageprogramme endg\u00fcltig aufl\u00f6sen wollen.<\/li>\n<\/ul>\n","protected":false},"excerpt":{"rendered":"<p>Ein medialer und sensitiver Berater Vermag, energetische Blockaden innerhalb einer Behandlung aufzudecken. Ist gleichzeitig ein Lebenscoach und in der Lage Techniken zu vermitteln, die innerhalb k\u00fcrzester Zeit das Leben jeden Menschen transformieren k\u00f6nnen. Kann anhand von Informationen aus der Aura entsprechende Empfehlungen angeben. Ist in der Lage, H\u00e4user, Wohnungen und andere R\u00e4umlichkeiten energetisch zu reinigen [&hellip;]<\/p>\n","protected":false},"author":2,"featured_media":0,"parent":0,"menu_order":0,"comment_status":"closed","ping_status":"closed","template":"","meta":{"footnotes":""},"class_list":["post-775","page","type-page","status-publish","hentry","clear"],"yoast_head":"<!-- This site is optimized with the Yoast SEO plugin v27.5 - https:\/\/yoast.com\/product\/yoast-seo-wordpress\/ -->\n<title>Spirituelle Tools - spirituellebegleitung.ch<\/title>\n<meta name=\"robots\" content=\"index, follow, max-snippet:-1, max-image-preview:large, max-video-preview:-1\" \/>\n<link rel=\"canonical\" href=\"https:\/\/spirituellebegleitung.ch\/?page_id=775\" \/>\n<meta property=\"og:locale\" content=\"de_DE\" \/>\n<meta property=\"og:type\" content=\"article\" \/>\n<meta property=\"og:title\" content=\"Spirituelle Tools - spirituellebegleitung.ch\" \/>\n<meta property=\"og:description\" content=\"Ein medialer und sensitiver Berater Vermag, energetische Blockaden innerhalb einer Behandlung aufzudecken. Ist gleichzeitig ein Lebenscoach und in der Lage Techniken zu vermitteln, die innerhalb k\u00fcrzester Zeit das Leben jeden Menschen transformieren k\u00f6nnen. Kann anhand von Informationen aus der Aura entsprechende Empfehlungen angeben. Ist in der Lage, H\u00e4user, Wohnungen und andere R\u00e4umlichkeiten energetisch zu reinigen [&hellip;]\" \/>\n<meta property=\"og:url\" content=\"https:\/\/spirituellebegleitung.ch\/?page_id=775\" \/>\n<meta property=\"og:site_name\" content=\"spirituellebegleitung.ch\" \/>\n<meta name=\"twitter:card\" content=\"summary_large_image\" \/>\n<meta name=\"twitter:label1\" content=\"Gesch\u00e4tzte Lesezeit\" \/>\n\t<meta name=\"twitter:data1\" content=\"3\u00a0Minuten\" \/>\n<script type=\"application\/ld+json\" class=\"yoast-schema-graph\">{\"@context\":\"https:\\\/\\\/schema.org\",\"@graph\":[{\"@type\":\"WebPage\",\"@id\":\"https:\\\/\\\/spirituellebegleitung.ch\\\/?page_id=775\",\"url\":\"https:\\\/\\\/spirituellebegleitung.ch\\\/?page_id=775\",\"name\":\"Spirituelle Tools - spirituellebegleitung.ch\",\"isPartOf\":{\"@id\":\"https:\\\/\\\/spirituellebegleitung.ch\\\/#website\"},\"datePublished\":\"2017-08-01T11:44:23+00:00\",\"breadcrumb\":{\"@id\":\"https:\\\/\\\/spirituellebegleitung.ch\\\/?page_id=775#breadcrumb\"},\"inLanguage\":\"de\",\"potentialAction\":[{\"@type\":\"ReadAction\",\"target\":[\"https:\\\/\\\/spirituellebegleitung.ch\\\/?page_id=775\"]}]},{\"@type\":\"BreadcrumbList\",\"@id\":\"https:\\\/\\\/spirituellebegleitung.ch\\\/?page_id=775#breadcrumb\",\"itemListElement\":[{\"@type\":\"ListItem\",\"position\":1,\"name\":\"Startseite\",\"item\":\"https:\\\/\\\/spirituellebegleitung.ch\\\/\"},{\"@type\":\"ListItem\",\"position\":2,\"name\":\"Spirituelle Tools\"}]},{\"@type\":\"WebSite\",\"@id\":\"https:\\\/\\\/spirituellebegleitung.ch\\\/#website\",\"url\":\"https:\\\/\\\/spirituellebegleitung.ch\\\/\",\"name\":\"spirituellebegleitung\",\"description\":\"\",\"publisher\":{\"@id\":\"https:\\\/\\\/spirituellebegleitung.ch\\\/#organization\"},\"potentialAction\":[{\"@type\":\"SearchAction\",\"target\":{\"@type\":\"EntryPoint\",\"urlTemplate\":\"https:\\\/\\\/spirituellebegleitung.ch\\\/?s={search_term_string}\"},\"query-input\":{\"@type\":\"PropertyValueSpecification\",\"valueRequired\":true,\"valueName\":\"search_term_string\"}}],\"inLanguage\":\"de\"},{\"@type\":\"Organization\",\"@id\":\"https:\\\/\\\/spirituellebegleitung.ch\\\/#organization\",\"name\":\"spirituellebegleitung\",\"url\":\"https:\\\/\\\/spirituellebegleitung.ch\\\/\",\"logo\":{\"@type\":\"ImageObject\",\"inLanguage\":\"de\",\"@id\":\"https:\\\/\\\/spirituellebegleitung.ch\\\/#\\\/schema\\\/logo\\\/image\\\/\",\"url\":\"https:\\\/\\\/spirituellebegleitung.ch\\\/wp-content\\\/uploads\\\/2025\\\/06\\\/Logo-SpB_Transp1-300x300-1.png\",\"contentUrl\":\"https:\\\/\\\/spirituellebegleitung.ch\\\/wp-content\\\/uploads\\\/2025\\\/06\\\/Logo-SpB_Transp1-300x300-1.png\",\"width\":300,\"height\":300,\"caption\":\"spirituellebegleitung\"},\"image\":{\"@id\":\"https:\\\/\\\/spirituellebegleitung.ch\\\/#\\\/schema\\\/logo\\\/image\\\/\"}}]}<\/script>\n<!-- \/ Yoast SEO plugin. -->","yoast_head_json":{"title":"Spirituelle Tools - spirituellebegleitung.ch","robots":{"index":"index","follow":"follow","max-snippet":"max-snippet:-1","max-image-preview":"max-image-preview:large","max-video-preview":"max-video-preview:-1"},"canonical":"https:\/\/spirituellebegleitung.ch\/?page_id=775","og_locale":"de_DE","og_type":"article","og_title":"Spirituelle Tools - spirituellebegleitung.ch","og_description":"Ein medialer und sensitiver Berater Vermag, energetische Blockaden innerhalb einer Behandlung aufzudecken. Ist gleichzeitig ein Lebenscoach und in der Lage Techniken zu vermitteln, die innerhalb k\u00fcrzester Zeit das Leben jeden Menschen transformieren k\u00f6nnen. Kann anhand von Informationen aus der Aura entsprechende Empfehlungen angeben. Ist in der Lage, H\u00e4user, Wohnungen und andere R\u00e4umlichkeiten energetisch zu reinigen [&hellip;]","og_url":"https:\/\/spirituellebegleitung.ch\/?page_id=775","og_site_name":"spirituellebegleitung.ch","twitter_card":"summary_large_image","twitter_misc":{"Gesch\u00e4tzte Lesezeit":"3\u00a0Minuten"},"schema":{"@context":"https:\/\/schema.org","@graph":[{"@type":"WebPage","@id":"https:\/\/spirituellebegleitung.ch\/?page_id=775","url":"https:\/\/spirituellebegleitung.ch\/?page_id=775","name":"Spirituelle Tools - spirituellebegleitung.ch","isPartOf":{"@id":"https:\/\/spirituellebegleitung.ch\/#website"},"datePublished":"2017-08-01T11:44:23+00:00","breadcrumb":{"@id":"https:\/\/spirituellebegleitung.ch\/?page_id=775#breadcrumb"},"inLanguage":"de","potentialAction":[{"@type":"ReadAction","target":["https:\/\/spirituellebegleitung.ch\/?page_id=775"]}]},{"@type":"BreadcrumbList","@id":"https:\/\/spirituellebegleitung.ch\/?page_id=775#breadcrumb","itemListElement":[{"@type":"ListItem","position":1,"name":"Startseite","item":"https:\/\/spirituellebegleitung.ch\/"},{"@type":"ListItem","position":2,"name":"Spirituelle Tools"}]},{"@type":"WebSite","@id":"https:\/\/spirituellebegleitung.ch\/#website","url":"https:\/\/spirituellebegleitung.ch\/","name":"spirituellebegleitung","description":"","publisher":{"@id":"https:\/\/spirituellebegleitung.ch\/#organization"},"potentialAction":[{"@type":"SearchAction","target":{"@type":"EntryPoint","urlTemplate":"https:\/\/spirituellebegleitung.ch\/?s={search_term_string}"},"query-input":{"@type":"PropertyValueSpecification","valueRequired":true,"valueName":"search_term_string"}}],"inLanguage":"de"},{"@type":"Organization","@id":"https:\/\/spirituellebegleitung.ch\/#organization","name":"spirituellebegleitung","url":"https:\/\/spirituellebegleitung.ch\/","logo":{"@type":"ImageObject","inLanguage":"de","@id":"https:\/\/spirituellebegleitung.ch\/#\/schema\/logo\/image\/","url":"https:\/\/spirituellebegleitung.ch\/wp-content\/uploads\/2025\/06\/Logo-SpB_Transp1-300x300-1.png","contentUrl":"https:\/\/spirituellebegleitung.ch\/wp-content\/uploads\/2025\/06\/Logo-SpB_Transp1-300x300-1.png","width":300,"height":300,"caption":"spirituellebegleitung"},"image":{"@id":"https:\/\/spirituellebegleitung.ch\/#\/schema\/logo\/image\/"}}]}},"_links":{"self":[{"href":"https:\/\/spirituellebegleitung.ch\/index.php?rest_route=\/wp\/v2\/pages\/775","targetHints":{"allow":["GET"]}}],"collection":[{"href":"https:\/\/spirituellebegleitung.ch\/index.php?rest_route=\/wp\/v2\/pages"}],"about":[{"href":"https:\/\/spirituellebegleitung.ch\/index.php?rest_route=\/wp\/v2\/types\/page"}],"author":[{"embeddable":true,"href":"https:\/\/spirituellebegleitung.ch\/index.php?rest_route=\/wp\/v2\/users\/2"}],"replies":[{"embeddable":true,"href":"https:\/\/spirituellebegleitung.ch\/index.php?rest_route=%2Fwp%2Fv2%2Fcomments&post=775"}],"version-history":[{"count":0,"href":"https:\/\/spirituellebegleitung.ch\/index.php?rest_route=\/wp\/v2\/pages\/775\/revisions"}],"wp:attachment":[{"href":"https:\/\/spirituellebegleitung.ch\/index.php?rest_route=%2Fwp%2Fv2%2Fmedia&parent=775"}],"curies":[{"name":"wp","href":"https:\/\/api.w.org\/{rel}","templated":true}]}}